, 4 = -3*i + 5*i. Let o be (-46 + 38)*1/(y/(-10)). Let r(k) = -k**2 - 11*k - 9. Give r(o).
1
Let c(h) = 6 + 5*h + 8 - 33 + 0 + 7. Calculate c(5).
13
Let r(c) = 13*c + 11. Let i(a) = -23*a - 18. Let s(z) = -4*i(z) - 7*r(z). Suppose -t - j = 3*t - 28, 3*j = 12. Let m = 4 + t. Calculate s(m).
5
Suppose -9 = -2*j - 4*u + 3*u, 9 = j + 5*u. Let q be j/10 + (-144)/(-40). Let s(t) = 3*t + 3*t - 11*t + q*t + 2. Give s(3).
-1
Let a be ((-30)/20)/(6 + (-39)/6). Let v(u) = u - 13. Give v(a).
-10
Let i(y) = -y**3 + 12*y**2 + 4. Let l be i(12). Let z(m) = -m. Let t(p) = 5*p - 4. Let n(r) = l*z(r) + t(r). Suppose -3*w - 4 = 8. What is n(w)?
-8
Suppose 888 = -100*x + 211*x. Suppose m - 8 = -0*m. Let h = m - x. Let o(b) = -b**2 - b + 4. What is o(h)?
4
Let b(z) = -z**2 + 20*z - 17. Let x be 801/445*5*2. What is b(x)?
19
Let n(v) = 0 - v + 0. Let l(u) = u**2 + 141*u + 4509. Let b be l(-49). Determine n(b).
-1
Let q(n) = -n**3 + 3*n**2 + 8*n - 7. Let l(r) = 7*r**2 - 2. Let x = 188 + -187. Let b be l(x). Determine q(b).
-17
Let z = -144 - -136. Let b be (z + 4 + 5)*(3 + -2). Let s(v) be the second derivative of -7*v**3/6 - v. What is s(b)?
-7
Let y(c) = -c**2 - 6*c - 6. Let i(j) = 7*j + 29 + 9*j - 51 - 164 - 61. Let b be i(15). Determine y(b).
-13
Let d(c) = 7*c + 18. Let l(r) = r**3 + 5*r**2 + 80*r + 656. Let n be l(-7). Determine d(n).
4
Let q(r) = r**3 - 24*r**2 - 698*r - 22. Let l be q(-17). Let y(n) = -17*n - 87. Determine y(l).
-2
Let p(s) = s**3 + s**2 - s + 17. Let j(t) = 5*t**3 + 8*t**2 - 11*t + 70. Let y(l) = j(l) - 4*p(l). Calculate y(-5).
12
Let f(v) = 51*v**2 - 17*v + 11. Let j(w) be the second derivative of -5*w**4/6 + w**3/2 - w**2 - 24*w - 2. Let l(o) = -2*f(o) - 11*j(o). What is l(-1)?
7
Suppose 6*v - v + 2*h + 22 = 0, -h = -4*v - 15. Let k be 6/(-2) + 60/12. Let y be (-1)/(k/v) - (1 + 2). Let w(i) = -4*i**3 - i**2 + 1. Give w(y).
4
Let h(z) be the first derivative of z**3/3 + 10*z**2 - 19*z + 267. Give h(-20).
-19
Let l(b) be the third derivative of b**5/60 + 7*b**3/3 - 192*b**2. What is l(0)?
14
Suppose -4*q - 11 = -h, -3*h = -2*h + 4*q - 3. Let x = 831 - 808. Let w(i) = -31 + 206*i - i**2 + x - 199*i. Determine w(h).
-8
Let b(j) be the third derivative of j**4/6 + j**3/2 + 1177*j**2. Calculate b(-10).
-37
Let l(d) = -3*d + d**3 + 34*d**2 + 5*d + 2 - 83*d**2 + 49*d**2. Calculate l(-2).
-10
Let q(u) = -u - 1. Suppose 4*b - 4*c = 108, b + c = -c + 27. Let w = b + -28. Let n(l) = 3. Let d(t) = w*q(t) - n(t). Calculate d(-3).
-5
Suppose -28*f = -25*f - 21. Let u(r) = -6*r - 78. Let w(k) = k + 11. Let a(s) = f*w(s) + u(s). Let d = 2 + -2. Calculate a(d).
-1
Let y be ((15/(-6))/(-1))/(5/4). Let o(l) = -9*l - 43. Let s(f) = -4*f - 21. Let h(v) = y*o(v) - 5*s(v). Determine h(-9).
1
Let a(l) = -4*l - 6*l - 2*l + 0*l - 3 + 6*l. Suppose 3*s = -2*v + 54, 4*s + 4*v = 110 - 34. Suppose w = 5*h + s, -w + 0*w = -1. Calculate a(h).
15
Let x be (((-18)/(-12))/3)/((-5)/(-40)). Suppose -9*z = -4*y - 5*z + 36, 27 = 3*y - x*z. Let v(b) = -b**2 + 6*b + 2. Determine v(y).
-25
Let m(r) be the second derivative of r**5/20 + 13*r**4/12 - 5*r**3/2 - 6*r**2 + 151090*r. Suppose w - 3*z = -0*z - 29, 0 = 3*w + 5*z + 17. Give m(w).
2
Let o(p) = -49*p**2 - 34. Let c(v) = 15*v**2 + 13. Let k(l) = -13*c(l) - 4*o(l). Calculate k(10).
67
Let h(u) = -u**2 - 10*u - 6. Let q(n) = -4*n**3 - 6*n**2 + 5*n + 3 + 1 + 3. Let k be q(-3). Suppose -k = 7*w + 24. Calculate h(w).
-6
Suppose 3*x - 3*i = 7*x + 462, -113 = x + 2*i. Let h = x - -121. Let o(u) = u**2 - 4*u - 2. What is o(h)?
-2
Let w(k) = 12*k - 7*k**2 - k**3 - 1 - 6 - 2*k - 5*k + 2*k. What is w(-8)?
1
Let g(n) be the first derivative of n**4/4 - 5*n**3/3 - 13*n**2/2 + 12*n + 894. What is g(7)?
19
Suppose f - 4*s - 31 = 43, 3*s + 9 = 0. Suppose -f = 27*o + 19. Let a(n) = 0 - 1 + 4*n**2 - 3*n**2 + 4 + 3*n. What is a(o)?
3
Suppose 56 + 4 = 4*z. Suppose -18 = 3*t - 3*h, -2*t + z = 3*h + 2. Let u(k) = 10*k**2 - 1 - 6*k**2 - 2*k + 0*k**2. What is u(t)?
5
Suppose 0*f - 480 = 12*f. Let v = f - -50. Let y(x) = -8*x + x**2 + x + 0*x - 10 - 2*x. What is y(v)?
0
Let u = -2 - 34. Let k = -16 + u. Let d be ((-1)/2)/((-13)/k). Let c(v) = -v - 3. Give c(d).
-1
Let a(q) = -20329 + 4*q + 10142 + 10163. Calculate a(12).
24
Let o(y) be the third derivative of -y**5/120 + y**4/2 - 10*y**3 + y**2 + 1. Let a(r) be the first derivative of o(r). Give a(11).
1
Let r = -190 + 681. Let g = -500 + r. Let n(l) = -l**3 - 8*l**2 + 9*l - 1. Calculate n(g).
-1
Let m be (-8)/((-256)/232) - 3/(-4). Let l be (-3)/(-1) - (-5 + m + -9). Let g(u) = -u**2 + 9*u - 9. Calculate g(l).
-9
Let f(o) = 13*o**2 + 42*o + 88. Let l(q) = -3*q**2 - 10*q - 21. Let d(s) = -2*f(s) - 9*l(s). What is d(-10)?
53
Let l(y) = 3*y**2 + y + 4. Let t(p) = -5*p**2 - 2*p - 9. Let u(n) = 9*l(n) + 4*t(n). Suppose 3*d + 9 = 0, h - 2*d = 11 - 0. Suppose 7*k - 2*k = -h. Give u(k).
6
Suppose 3*y - 5 = -b, 5*y + 2 = 3*y - 2*b. Let c be 36/(-27)*y/(-4). Let r(v) = -4*v**3 - v**2 + 2*v - 1. Calculate r(c).
-4
Let c(n) = 64 + 7*n**2 - 19 - 17 - 17 + 3*n + n**3 - 20. Give c(-5).
26
Let l be (0 - -1) + (0 - -18). Let a be (108/(-9))/3*5*-1. Suppose 23*q - l*q = -a. Let t(o) = o**2 + 5*o + 5. What is t(q)?
5
Let d(i) = -3*i**2 - 6*i + 11. Let w(z) = -z**2 - 2*z + 4. Let y(a) = 6*d(a) - 17*w(a). Let s = 76 - 79. Determine y(s).
-5
Let y(z) = z**3 + 9*z**2 - 12*z - 15. Let t be 29 + 17 + 3/1. Let o be (-24)/120 + t/(-5). Calculate y(o).
5
Let l be 25*28*7/140. Let s be -7*5/l + 0 + -9. Let w(k) = 2*k + 23. Give w(s).
3
Let f(k) = -64*k - 60*k - 62*k - 62*k - 207 + 236*k. Determine f(-17).
-3
Suppose 0 = -g + 5, 0*g - 112 = -2*p - 2*g. Let l = -60 + p. Let j = 13 + l. Let c(m) = m + 5. Give c(j).
9
Let z be (-3 - (-2)/(-2))*(-765)/(-68). Let s = 42 + z. Let g(y) = 3 - 30*y**3 - 116*y**2 + 120*y**2 + 3*y + 31*y**3. Give g(s).
3
Let t be (-124)/2046 + (-2500)/132. Let s(g) = -g**3 - 21*g**2 - 40*g - 16. Determine s(t).
22
Let u(k) be the second derivative of k**4/12 - 8*k**2 - 12*k + 16. Determine u(4).
0
Let r(t) = -2*t + 147. Let a be r(16). Let q be a/(-25) - 18/45. Let g(w) = 0 + w + 1 + 3*w + w**2. Determine g(q).
6
Let m(x) = -3*x + 5*x - x + 17. Let k = -165 - -184. Suppose 2*z + k - 5 = 0. Give m(z).
10
Let v(p) = -p**3 + 8*p**2 - 8*p + 3. Let f = 32 + -26. Suppose f*j = j + 70. Let h be (-5)/((-10)/8)*j/8. Give v(h).
-4
Let g be (1 - (2 + 1))*-1. Suppose t = 2*h + 68, g*h + 2*h = 3*t - 212. Let m(f) = -f**2 + 70 - t + 4*f + 2*f. Calculate m(7).
-13
Let z(y) = 22 + 1522*y**2 - 1523*y**2 - 18 - 17*y. Determine z(-5).
64
Let y(n) = -14 - 7*n**2 + 4*n + 6*n + 12 + 4 - n**3. Give y(-8).
-14
Suppose 4*m + 114 = 130, -m = -x + 13. Let o(v) = -2*v**2 + 33*v + 17. Let p be o(x). Let d(y) = -y**3 + y**2 - 23. Calculate d(p).
-23
Suppose 10*h = 11*h - 3. Let g(v) = 6*v + 2. Give g(h).
20
Let g(v) = -25 + 4*v**2 - 94*v - 56*v**3 + 13*v**2 + 55*v**3 + 99*v. Calculate g(17).
60
Let o be -1*7 - (-1968)/(-328). Let r(w) = w**2 + 14*w + 7. Give r(o).
-6
Let g be 1/(-1)*(-32 - -31). Let o(x) = 7*x - 6*x + 52 - 52 - 17*x**2. What is o(g)?
-16
Let f be (3 - (-11)/(-3))/((-88)/(-1056)) - -1. Let r(t) = t**3 + 8*t**2 + 2*t - 50. Calculate r(f).
-15
Let g = 48 + -46. Let n(b) = 11*b - 5. Let s be n(2). Let t(c) = -c - 18*c**3 - s*c**3 + g*c**2 + 37*c**3. Give t(2).
22
Let v(i) be the first derivative of 0*i**3 - 1/2*i**2 + 55 - 1/4*i**4 + i. Suppose -w - 11 = 4*d, 0 = -4*d - 2*w - 25 + 11. Give v(d).
11
Let x(w) = 765*w + 3796. Let y be x(-5). Let b(u) = u**2 + 27*u - 52. Give b(y).
6
Let r be 234/198 - 4/22. Let l(j) = 1. Let x(g) = -7*g + 6. Let p(c) = -5*l(c) + x(c). Give p(r).
-6
Let d(k) be the second derivative of k**4/12 + k**3/6 + k. Suppose 3*f = -84*z + 87*z - 3381, -z = 3*f + 3389. Let g = -1127 - f. Give d(g).
6
Let u(q) = -5*q + 967 + 17*q**2 - 969 + 16*q**2 - 34*q**2. Let a(k) = k**3 - 4*k**2 - 7*k + 6. Let i be 42/8 + (-2)/8. Let y be a(i). Calculate u(y).
2
Let t(k) = k**2 + 5*k + 7. Let g be (-25)/(-7) - (-640)/448. Calculate t(g).
57
Let b(l) be the first derivative of 1/2*l**2 + 33 + 1/3*l**3 - 2*l. Let k = 9 - 12. What is b(k)?
4
Let a(x) be the second derivative of 4*x**3/3 - 85*x**2/2 + 59*x. What is a(12)?
11
Let m(t) = -12*t + 315. Let g be m(26). Let w(y) = -6*y**2 + 8*y + 1. Let x(h) = -17*h**2 + 23